+ k**2 + 2*k + 1. Calculate x(o).
-7
Let s be (8/14)/((240/112)/3)*-10. Let n(m) be the third derivative of m**4/12 - m**3/6 - 2*m**2. Calculate n(s).
-17
Suppose 3*j + 2 - 20 = 0. Let u(s) = 22034*s - 7349*s + s**2 + 1 - 7341*s - 7349*s. Determine u(j).
7
Let j(o) = -2164*o - 5*o**3 + o**3 + 3*o**3 + 1 + o**2 + 2166*o. Calculate j(-3).
31
Let c(r) be the first derivative of r**5/10 + r**4/6 + r**2/2 + 108*r + 16. Let i(z) be the first derivative of c(z). What is i(2)?
25
Suppose -4*q = -5*s - 4 - 19, 16 = 2*q - 4*s. Let u = 63 - 58. Let x(d) = -d**3 - u*d**2 - 2*d + d**q + 8*d + 3. Determine x(-5).
-2
Let s(w) = -w - 10. Let f be 0*(-2 + (-12)/(-4)). Suppose c - 2*c - 3 = f. Let n be s(c). Let i(p) = p**2 + 6*p + 6. Determine i(n).
13
Let w(l) = -5*l - 7. Let b be -8 - 1/((-8)/14760). Suppose 5*i - b = -1872. Calculate w(i).
28
Let u(h) be the first derivative of -9*h + 7/2*h**2 - 49 + 1/3*h**3. Determine u(-7).
-9
Let g(v) = -3*v + 15*v**3 - 3*v + 5*v - 32*v**3 + 3*v**2 + 16*v**3 + 4. What is g(3)?
1
Suppose 2*r - 8 = 16. Suppose 5*t - 2 = -r. Let v(m) = 13*m**2 + 3*m - 9. Let i(q) = 3*q**2 + q - 2. Let o(n) = 9*i(n) - 2*v(n). Give o(t).
-2
Let v(d) = 9 - 4*d - 8 + 5*d. Let g be v(2). Let u(q) = -1 - 29*q**g - 5*q + 3*q + 0*q**3 + 0*q. Calculate u(-1).
30
Let d = 14 + -11. Suppose -d*c + 2*c = 3*s - 19, 4*c + 29 = 3*s. Let w(u) = u**3 - 8*u**2 + 9*u + 4. Give w(s).
18
Let w(d) = 17 + d**2 + 106*d + 24*d - 142*d. Calculate w(2).
-3
Suppose 0 = -5*l + 2 + 13. Let k(y) = -13*y + 1. Let m(r) = 15*r - 1. Let v(n) = -7*k(n) - 6*m(n). Calculate v(l).
2
Let x = 29 + -26. Let m(c) = -x*c + 14*c**2 + 4*c - 6*c**2. Suppose 0 = 3*z + n + 1, 9*z - 6*z + 2*n - 1 = 0. Calculate m(z).
7
Let m = -29470 + 29475. Let r(t) = t**3 - 2 + 0 - 6*t**2 + 5 + 3*t. Give r(m).
-7
Suppose 0 = -6*x + 4 + 2. Let s be 6/x*51/(-34). Let n(c) = c**2 + 11*c + 19. Let z be n(s). Let t(l) = 22*l**3 + l**2. Give t(z).
23
Let s(y) be the first derivative of 5*y**3/3 - 3*y**2/2 - 2*y - 2. Let i(v) = 15*v**2 - 10*v - 7. Let j be 1/(-3)*0 + 7. Let p(q) = j*s(q) - 2*i(q). Give p(1).
4
Let w = -1 - -5. Suppose -4*h = w, t + h - 5*h - 34 = 0. Suppose -2*i = -4*q - 24, 6*q - q + t = 4*i. Let z(s) = -s**2 - 6*s + 3. Determine z(q).
3
Let l(t) = t**3 + 8*t**2 - 22*t - 16. Let b be l(-10). Suppose -5*g + 71 - 30 = -4*w, -b*w = -4*g + 32. Let r(q) = 2*q - 17. Determine r(g).
1
Let b(u) = 7 - 51770*u + 1 + 51772*u. Let y = -12 - -7. Determine b(y).
-2
Suppose -7*s + 3*s = 3*n - 36, n + 2 = s. Let k(g) = 0*g**3 - s*g**2 + 10*g**3 + 2 - 9*g**3 + 11*g**2. Determine k(-5).
2
Suppose 0 = -13*q - 13*q + 182. Let y be 1 + (q - 4/2). Let o(d) = d**2 - 9*d + 5. Determine o(y).
-13
Let h(i) be the first derivative of i**4 - 4*i**3/3 + 9*i**2/2 - 6*i - 2228. What is h(1)?
3
Suppose 0 = 47*h - 83 + 3 - 61. Let a(t) = 2*t**3 + 6*t**2 - 10*t + 9. Determine a(h).
87
Let y = 79 - 48. Suppose -3*k + 12 = 0, -y - 9 = -4*g - 4*k. Let w(r) = 2 - 3*r + 2 - 2*r + g*r. What is w(-4)?
0
Let i(g) = 2*g - 6. Let s be 54/90 - 3/5. Suppose 7*k - 2*k - 15 = s. Suppose -26 = 3*u + 2*n, -k*n = 4*u + 2*n + 44. Determine i(u).
-18
Let t = -93 - -95. Let f be (-4)/(-10) - t/5*1. Let s(m) be the first derivative of -m**3/3 - m**2/2 + m + 2. Determine s(f).
1
Let h(q) = -5*q**2 + q. Let s be (-34)/(-6) - 3/(-9). Suppose s*i = 11 - 5. What is h(i)?
-4
Let b(j) = 45*j - 47. Let m(z) = -28*z + 31. Let r(f) = 5*b(f) + 8*m(f). Let c(h) = h**3 + 7*h**2 + 9*h - 17. Let n be c(-5). Calculate r(n).
1
Let t(a) = 4*a - 22. Let n(k) = 10*k - 56. Let f(j) = 5*n(j) - 12*t(j). Let w be -14*-2*3/12. Calculate f(w).
-2
Let i be (10/2)/((-3)/(-109776)*4). Let m(h) = 45734*h**2 + 1 + 6*h + h**3 - 6 - i*h**2. What is m(5)?
0
Let y = 0 - -5. Let j = 86 - 83. Suppose 3*a = q - j, -y*q + 4*a + 12 = -q. Let b(s) = s**3 - 4*s**2 - 1. What is b(q)?
-10
Let o = 4119 - 4115. Let j(m) = 3*m**2 - 16*m + 10. What is j(o)?
-6
Let q(s) = 8*s + 15. Let o(v) = -74*v - 140. Let r(g) = -9*o(g) - 84*q(g). Suppose 4*h = -3*n + 27, -3*n = -7*n + 4*h + 8. Suppose -1 = 2*l - n. Give r(l).
-12
Let c(j) = -2*j**2 - 40*j - 120. Let y be c(-16). Let a(f) = f**3 - 7*f**2 - 4*f - 33. What is a(y)?
-1
Suppose 0 = -9*x - 33 - 21. Let c(z) = -1. Let i(q) = q + 7. Let n(b) = x*c(b) - i(b). Determine n(-4).
3
Let n be 3 + (3 - (2 - 0)). Let q(t) = 104 - 52 - 47 + 5*t. What is q(n)?
25
Let x(q) = -1364*q + 2654*q - 4 - 1291*q. Let n be 1/3 + (-13)/3. Determine x(n).
0
Let w(b) = -6*b - 45. Let k = -3776 + 3768. Determine w(k).
3
Let b be 20/(-12)*(-48)/40. Suppose 5*d = i + 18, -3*i = 5*d - 1 - 5. Let m(l) = l + b - 12*l**3 + 9*l**d + 4*l**3. Calculate m(-2).
-8
Suppose -5*p + c = -27, 0 = 3*p + 4*c - 21 - 9. Let r = -67 + 391. Let d(q) = -2 - 322*q + r*q - 5 - 1. Determine d(p).
4
Let p(u) = -4*u + 3. Let x(w) = 10*w + 77. Let b(m) = 6*p(m) + 2*x(m). Give b(33).
40
Let h(v) be the third derivative of -v**6/120 + 2*v**5/15 - 11*v**4/24 - 7*v**3/3 + 522*v**2 + 1. Determine h(6).
-8
Suppose 0 = 3*c + 44*r - 43*r + 16, -2*r = 5*c + 26. Let n(s) = -s - 8. Calculate n(c).
-2
Let m(b) = b**2 - 7*b + 1. Let y be m(6). Let p be -4 + ((-20)/4 - y). Let h(o) be the first derivative of o**2 + 5*o + 3. Determine h(p).
-3
Let l(p) = p**3 + 7*p**2 + 5*p + 3. Let c be (18 + -24)*(-2)/2. Let i = -6 + c. Let t be i - 0 - (3 + -1 + 1). Determine l(t).
24
Let t(u) be the first derivative of u**2/2 + 12*u - 4. Suppose -88*c + 1070 = 19*c. Calculate t(c).
22
Let w(y) be the first derivative of 28*y**2 + 336*y - 1084. Calculate w(-6).
0
Let k(o) = -3*o + 1. Let j(r) = -5*r. Let s(v) = 6*v - 1. Let p(i) = 2*j(i) + 3*s(i). Let m(x) = 7*k(x) + 2*p(x). Let l = -610664 - -610666. What is m(l)?
-9
Let p(z) be the third derivative of z**6/120 - 31*z**5/60 - 9*z**4/8 - 43*z**3/6 - 14662*z**2. What is p(32)?
117
Let x(a) = -9*a + 6. Let b(q) = -18*q + 11. Let v(l) = -4*b(l) + 7*x(l). Suppose 21*o = 134300 - 134195. Calculate v(o).
43
Let t(p) = -6*p**2 + 74*p - 91. Let y(b) = b**2 - 14*b + 17. Let q(a) = 2*t(a) + 11*y(a). Let n = -5 - 2. Determine q(n).
-2
Let x(u) = 5*u - 23. Let d be x(5). Let z(g) = 2*g**d + 2*g**3 - 149 + 0*g**2 + 300 - 150. Calculate z(-2).
-7
Let o(g) = -12*g**3 - g**2 + 5*g + 6. Let d(a) = -27*a - 326. Let p be d(-12). Give o(p).
88
Suppose -2 = -2*q + 8. Let l(k) = -165*k - 6 + 55*k + 52*k + 59*k. What is l(q)?
-1
Let i be (-64)/10 - (-4)/10. Let q(a) = -7*a**3 + 30*a**2 - 18*a - 1. Let n(f) = -4*f**3 + 19*f**2 - 12*f - 1. Let y(h) = -5*n(h) + 3*q(h). Calculate y(i).
2
Let v(p) = -p**2 + 15*p. Let n be v(15). Suppose 5*r + 8 - 13 = n. Let y(k) = 66*k - r + 68*k - 121*k. What is y(1)?
12
Suppose 64 + 223 = -7*m. Let a be (-1 + 97/3)/(6/9). Let r = a + m. Let x(s) = -s**2 + 10*s - 7. Determine x(r).
17
Let j(q) = q**2 - 19*q + 14. Suppose 305*m = 5*f + 300*m - 75, 3*m = -f + 23. Calculate j(f).
-20
Let x(u) = -u**2 + 10*u + 16. Let i(k) = -k**3 + 6*k**2 - 7*k + 8. Let b be i(4). Let s be x(b). Let p(z) = z**2 + 8*z + 9. Determine p(s).
9
Let y(b) = -4*b + 2. Let r(g) = 28*g - 16*g - 11*g. Let j(u) = 5*r(u) + y(u). Determine j(2).
4
Let w(s) be the first derivative of s**6/30 + s**5/15 + s**4/12 - s**3/6 + 72*s**2 + 31. Let k(j) be the second derivative of w(j). Determine k(-2).
-21
Let m = -1756 + 1754. Let o(f) = -11*f. Give o(m).
22
Suppose -9 = -z - 5*i, -22 = 2*z + 5*i - 40. Let o(u) = u**3 - 9*u**2 - 15. What is o(z)?
-15
Let j(r) be the third derivative of r**5/60 - 9*r**4/8 + 20*r**3/3 - 12*r**2 + 3*r + 6. Determine j(26).
14
Suppose 0 = 8*t - 0*t - 152. Suppose 21*h = t*h + 18. Let q(r) = 10 + 3*r - h*r + 7*r. Give q(-10).
0
Let r(z) = -z**2 - 6*z + 6. Suppose -46*n + 81 = 47 + 402. What is r(n)?
-10
Let y(j) = -7*j**2 + 2*j + 13. Let s(n) = -10*n**2 + 3*n + 19. Let a(z) = -5*s(z) + 7*y(z). Let t = 18 - -2. Let k = t - 17. Calculate a(k).
2
Let t(b) = 11*b**2 - 3*b + 2*b + 13*b**2 - 25*b**2. Let m(y) = -y**3 + 6*y**2 - y + 10. Let l be m(6). Calculate t(l).
-20
Let o(i) = -4*i**2 - 9*i + 42. Let r be o(-6). Suppose 4*k + 16 = -172. Let g = k - r. Let d(q) = -q**3 + q**2 - 1. What is d(g)?
-1
Suppose -5 = -8*w + 3*w. Let h be (w + (-9)/6)*2. Let y(d) = -48*d**2 + 9*d - 7. Let m(x) = -81*x**2 + 16*x - 12. Let g(n) = 4*m(n) - 7*y(n). What is g(h)?
12
Let r(f) = 20*f + 11. Suppos